it of 3272189?
3
What is the hundreds digit of 3282504?
5
What is the hundreds digit of 5976397?
3
What is the tens digit of 7879199?
9
What is the millions digit of 4462484?
4
What is the millions digit of 29547214?
9
What is the hundreds digit of 802081?
0
What is the ten millions digit of 25073704?
2
What is the tens digit of 805560?
6
What is the hundred thousands digit of 253920?
2
What is the ten thousands digit of 414727?
1
What is the tens digit of 12081?
8
What is the hundred thousands digit of 19091900?
0
What is the hundred thousands digit of 2152409?
1
What is the thousands digit of 4513686?
3
What is the ten thousands digit of 18643173?
4
What is the thousands digit of 18007498?
7
What is the ten thousands digit of 218968?
1
What is the tens digit of 5440237?
3
What is the tens digit of 9261226?
2
What is the ten thousands digit of 968562?
6
What is the ten thousands digit of 27637541?
3
What is the units digit of 343873?
3
What is the hundreds digit of 3771400?
4
What is the hundreds digit of 9166?
1
What is the units digit of 183876?
6
What is the hundreds digit of 135205?
2
What is the hundreds digit of 686672?
6
What is the ten thousands digit of 322645?
2
What is the tens digit of 1400902?
0
What is the hundred thousands digit of 132976?
1
What is the thousands digit of 2475509?
5
What is the thousands digit of 25559948?
9
What is the hundreds digit of 256944?
9
What is the hundred thousands digit of 891859?
8
What is the ten thousands digit of 2038645?
3
What is the units digit of 26479974?
4
What is the hundreds digit of 5327968?
9
What is the tens digit of 362726?
2
What is the hundreds digit of 322734?
7
What is the units digit of 284834?
4
What is the thousands digit of 5637742?
7
What is the hundreds digit of 1248794?
7
What is the hundreds digit of 91976?
9
What is the ten thousands digit of 2062036?
6
What is the thousands digit of 131965?
1
What is the hundreds digit of 8896250?
2
What is the hundreds digit of 143573?
5
What is the hundred thousands digit of 7380349?
3
What is the thousands digit of 4310669?
0
What is the tens digit of 6809298?
9
What is the units digit of 546884?
4
What is the tens digit of 207279?
7
What is the units digit of 2425470?
0
What is the tens digit of 261876?
7
What is the thousands digit of 498020?
8
What is the hundred thousands digit of 412690?
4
What is the thousands digit of 768828?
8
What is the ten thousands digit of 11799369?
9
What is the ten thousands digit of 2484531?
8
What is the tens digit of 525725?
2
What is the hundreds digit of 11650086?
0
What is the units digit of 256472?
2
What is the ten thousands digit of 307369?
0
What is the hundreds digit of 539?
5
What is the hundreds digit of 3341933?
9
What is the thousands digit of 31121864?
1
What is the ten thousands digit of 2167572?
6
What is the thousands digit of 2519105?
9
What is the thousands digit of 5073356?
3
What is the tens digit of 8284881?
8
What is the units digit of 84930?
0
What is the ten thousands digit of 3322808?
2
What is the thousands digit of 134823?
4
What is the tens digit of 178918?
1
What is the hundreds digit of 222123?
1
What is the tens digit of 6522239?
3
What is the ten thousands digit of 2633498?
3
What is the hundred thousands digit of 522282?
5
What is the tens digit of 1703415?
1
What is the thousands digit of 3868857?
8
What is the units digit of 3134797?
7
What is the thousands digit of 156384?
6
What is the hundreds digit of 819182?
1
What is the tens digit of 235420?
2
What is the units digit of 137934?
4
What is the tens digit of 5639700?
0
What is the ten thousands digit of 3763845?
6
What is the hundred thousands digit of 114897?
1
What is the ten thousands digit of 13182564?
8
What is the units digit of 5702763?
3
What is the units digit of 1126350?
0
What is the hundreds digit of 2585734?
7
What is the millions digit of 5005858?
5
What is the hundred thousands digit of 624868?
6
What is the hundreds digit of 5021?
0
What is the ten thousands digit of 742339?
4
What is the millions digit of 3404933?
3
What is the tens digit of 18947?
4
What is the tens digit of 1196794?
9
What is the ten thousands digit of 4825221?
2
What is the thousands digit of 1099469?
9
What is the hundreds digit of 2652564?
5
What is the units digit of 2944023?
3
What is the ten thousands digit of 2620573?
2
What is the units digit of 8829697?
7
What is the millions digit of 41469291?
1
What is the hundreds digit of 1345317?
3
What is the units digit of 28686847?
7
What is the thousands digit of 86375?
6
What is the ten millions digit of 21333690?
2
What is the hundreds digit of 10427751?
7
What is the thousands digit of 568492?
8
What is the hundreds digit of 771966?
9
What is the tens digit of 21006?
0
What is the ten thousands digit of 122554?
2
What is the hundred thousands digit of 396563?
3
What is the hundreds digit of 19105126?
1
What is the hundreds digit of 14016653?
6
What is the hundred thousands digit of 9109211?
1
What is the units digit of 71341?
1
What is the ten thousands digit of 1114557?
1
What is the tens digit of 215122?
2
What is the thousands digit of 206324?
6
What is the ten thousands digit of 165495?
6
What is the hundreds digit of 3259069?
0
What is the millions digit of 1374810?
1
What is the tens digit of 171174?
7
What is the units digit of 93033?
3
What is the millions digit of 5669075?
5
What is the thousands digit of 42127?
2
What is the hundreds digit of 473995?
9
What is the units digit of 143481?
1
What is the tens digit of 1253169?
6
What is the hundred thousands digit of 542401?
5
What is the units digit of 3769483?
3
What is the tens digit of 925517?
1
What is the units digit of 95030?
0
What is the units digit of 445113?
3
What is the millions digit of 14672533?
4
What is the hundreds digit of 11367215?
2
What is the thousands digit of 2612921?
2
What is the units digit of 8490991?
1
What is the millions digit of 7170737?
7
What is the millions digit of 16494916?
6
What is the hundreds digit of 6208102?
1
What is the hundreds digit of 646984?
9
What is the hundreds digit of 408483?
4
What is the hundred thousands digit of 2141088?
1
What is the ten thousands digit of 266299?
6
What is the thousands digit of 39617?
9
What is the thousands digit of 801984?
1
What is the thousands digit of 12813677?
3
What is the millions digit of 1981587?
1
What is the millions digit of 2506752?
2
What is the thousands digit of 3746779?
6
What is the thousands digit of 717580?
7
What is the tens digit of 37561966?
6
What is the ten millions digit of 11587110?
1
What is the hundred thousands digit of 4557103?
5
What is the ten thousands digit of 1622977?
2
What is the ten thousands digit of 3162262?
6
What is the tens digit of 4416130?
3
What is the units digit of 79327?
7
What is the hundreds digit of 247964?
9
What is the units digit of 362728?
8
What is the tens digit of 477157?
5
What is the units digit of 1757538?
8
What is the units digit of 3341570?
0
What is the units digit of 9780575?
5
What is the tens digit of 847722?
2
What is the units digit of 268236?
6
What is the thousands digit of 909708?
9
What is the millions digit of 36563873?
6
What is the tens digit of 7011649?
4
What is the units digit of 592609?
9
What is the tens digit of 5665033?
3
What is the thousands digit of 143235?
3
What is the hundreds digit of 365846?
8
What is the ten thousands digit of 295919?
9
What is the thousands digit of 149561?
9
What is the hundreds digit of 3226835?
8
What is the ten thousands digit of 1043941?
4
What is the ten thousands digit of 12458826?
5
What is the ten thousands digit of 537151?
3
What is the units digit of 647380?
0
What is the hundred thousands digit of 110195?
1
What is the thousands digit of 247065?
7
What is the hundreds digit of 6181354?
3
What is the hundred thousands digit of 707580?
7
What is the tens digit of 1712670?
7
What is the units digit of 1388009?
9
What is the millions digit of 1880902?
1
What is the thousands digit of 515657?
5
What is the tens digit of 288282?
8
What is the hundred thousands digit of 4873054?
8
What is the tens digit of 4774225?
2
What is the tens digit of 716976?
7
What is the hundred thousands digit of 3558643?
5
What is the t